{"id":99991699,"date":"2017-03-23T19:57:53","date_gmt":"2017-03-23T18:57:53","guid":{"rendered":"http:\/\/www.guiamanresa.cat\/directori\/?page_id=99991699"},"modified":"2017-03-27T09:43:43","modified_gmt":"2017-03-27T08:43:43","slug":"condicions-alta-directori","status":"publish","type":"page","link":"https:\/\/www.guiamanresa.cat\/directori\/condicions-alta-directori\/","title":{"rendered":"Condicions d&#8217;alta al directori"},"content":{"rendered":"<h5 style=\"text-align: left;\"><a href=\"http:\/\/www.guiamanresa.cat\/directori\/add-listing\/\">\u00a0\u27a1 AFEGEIX EL TEU NEGOCI\/ANUNCI AL DIRECTORI DE LA GUIA DE MANRESA (ALTA)<\/a><\/h5>\n<p><strong>100% de garantia<br \/>\n<\/strong><strong>Vost\u00e8 t\u00e9 15 \u00a0dies de prova gratu\u00eft<\/strong> i si no est\u00e0 satisfet per qualsevol motiu, nom\u00e9s cal que ens envieu \u00a0un correu electr\u00f2nic i nosaltres ens encarreguem de tot. Un cop passat el per\u00edode de prova ens posarem en contacte amb vost\u00e8 per si desitja fer la subscripci\u00f3 de pagament.<\/p>\n<p><strong>Quan costa la subscripci\u00f3 de l&#8217;anunci al directori de la Guia de Manresa?<br \/>\n<\/strong>El cost \u00e9s de 50\u20ac per anunci a l&#8217;any + iva, renovables cada any.<\/p>\n<p><strong>Quins m\u00e8todes de pagament\u00a0hi ha?<\/strong><br \/>\nPayPal o b\u00e9\u00a0per transfer\u00e8ncia banc\u00e0ria una vegada rebuda la factura.<\/p>\n<p><strong>Suport Best-in-Business<\/strong><br \/>\nTreballem\u00a0per fer que els nostres clients estiguin contents, per qualsevol cosa\u00a0si us plau poseu-vos en contacte amb nosaltres. Podem editar i publicar l&#8217;anunci nosaltres mateixos si ho desitgeu.<\/p>\n<p><strong>Puc cancel\u00b7lar la meva subscripci\u00f3?<\/strong><br \/>\nS\u00ed, pot cancel\u00b7lar i realitzar altres accions en les subscripcions a trav\u00e9s de la p\u00e0gina el<br \/>\nmeu compte.<\/p>\n<p><strong>No he trobat el meu sector o en suggereixo un de nou<br \/>\n<\/strong>Envia un correu electr\u00f2nic a <a href=\"mailto:guia@guiamanresa.cat\">guia@guiamanresa.cat<\/a> i el donarem d&#8217;alta<\/p>\n<p><strong>Alguna altra pregunta que podem respondre?<\/strong><br \/>\nEstem aqu\u00ed per ajudar. Contacta&#8217;ns, \u00a0<a href=\"mailto:\u00a0guia@guiamanresa.cat\">\u00a0guia@guiamanresa.cat<br \/>\n<\/a>Altres opcions de publicitat : <a href=\"http:\/\/www.guiamanresa.com\/publicitat\/publicitat.htm\" target=\"_blank\">publicitat a guiamanresa.cat\u00a0<\/a><\/p>\n<h5><a href=\"http:\/\/www.guiamanresa.cat\/directori\/add-listing\/\">\u00a0\u27a1 Afegeix el teu negoci a la Guia de Manresa<\/a>\u00a0(ALTA)<\/h5>\n<!-- AddThis Advanced Settings generic via filter on the_content --><!-- AddThis Share Buttons generic via filter on the_content -->","protected":false},"excerpt":{"rendered":"<p>\u00a0\u27a1 AFEGEIX EL TEU NEGOCI\/ANUNCI AL DIRECTORI DE LA GUIA DE MANRESA (ALTA) 100% de garantia Vost\u00e8 t\u00e9 15 \u00a0dies de prova gratu\u00eft i si no est\u00e0 satisfet per qualsevol motiu, nom\u00e9s cal que ens envieu \u00a0un correu electr\u00f2nic i nosaltres ens encarreguem de tot. Un cop passat el per\u00edode de prova ens posarem en [&hellip;]<!-- AddThis Advanced Settings generic via filter on get_the_excerpt --><!-- AddThis Share Buttons generic via filter on get_the_excerpt --><\/p>\n","protected":false},"author":1,"featured_media":0,"parent":0,"menu_order":0,"comment_status":"closed","ping_status":"closed","template":"page-templates\/front_page.php","meta":{"jetpack_post_was_ever_published":false,"footnotes":""},"class_list":["post-99991699","page","type-page","status-publish","hentry"],"yoast_head":"<!-- This site is optimized with the Yoast SEO plugin v27.0 - https:\/\/yoast.com\/product\/yoast-seo-wordpress\/ -->\n<title>Condicions d&#039;alta al directori - Directori Guia Manresa<\/title>\n<meta name=\"robots\" content=\"index, follow, max-snippet:-1, max-image-preview:large, max-video-preview:-1\" \/>\n<link rel=\"canonical\" href=\"https:\/\/www.guiamanresa.cat\/directori\/condicions-alta-directori\/\" \/>\n<meta property=\"og:locale\" content=\"ca_ES\" \/>\n<meta property=\"og:type\" content=\"article\" \/>\n<meta property=\"og:title\" content=\"Condicions d&#039;alta al directori - Directori Guia Manresa\" \/>\n<meta property=\"og:description\" content=\"\u00a0\u27a1 AFEGEIX EL TEU NEGOCI\/ANUNCI AL DIRECTORI DE LA GUIA DE MANRESA (ALTA) 100% de garantia Vost\u00e8 t\u00e9 15 \u00a0dies de prova gratu\u00eft i si no est\u00e0 satisfet per qualsevol motiu, nom\u00e9s cal que ens envieu \u00a0un correu electr\u00f2nic i nosaltres ens encarreguem de tot. Un cop passat el per\u00edode de prova ens posarem en [&hellip;]\" \/>\n<meta property=\"og:url\" content=\"https:\/\/www.guiamanresa.cat\/directori\/condicions-alta-directori\/\" \/>\n<meta property=\"og:site_name\" content=\"Directori Guia Manresa\" \/>\n<meta property=\"article:modified_time\" content=\"2017-03-27T08:43:43+00:00\" \/>\n<meta name=\"twitter:card\" content=\"summary_large_image\" \/>\n<meta name=\"twitter:label1\" content=\"Temps estimat de lectura\" \/>\n\t<meta name=\"twitter:data1\" content=\"1 minut\" \/>\n<script type=\"application\/ld+json\" class=\"yoast-schema-graph\">{\"@context\":\"https:\/\/schema.org\",\"@graph\":[{\"@type\":\"WebPage\",\"@id\":\"https:\/\/www.guiamanresa.cat\/directori\/condicions-alta-directori\/\",\"url\":\"https:\/\/www.guiamanresa.cat\/directori\/condicions-alta-directori\/\",\"name\":\"Condicions d'alta al directori - Directori Guia Manresa\",\"isPartOf\":{\"@id\":\"https:\/\/www.guiamanresa.cat\/directori\/#website\"},\"datePublished\":\"2017-03-23T18:57:53+00:00\",\"dateModified\":\"2017-03-27T08:43:43+00:00\",\"breadcrumb\":{\"@id\":\"https:\/\/www.guiamanresa.cat\/directori\/condicions-alta-directori\/#breadcrumb\"},\"inLanguage\":\"ca\",\"potentialAction\":[{\"@type\":\"ReadAction\",\"target\":[\"https:\/\/www.guiamanresa.cat\/directori\/condicions-alta-directori\/\"]}]},{\"@type\":\"BreadcrumbList\",\"@id\":\"https:\/\/www.guiamanresa.cat\/directori\/condicions-alta-directori\/#breadcrumb\",\"itemListElement\":[{\"@type\":\"ListItem\",\"position\":1,\"name\":\"Inici\",\"item\":\"https:\/\/www.guiamanresa.cat\/directori\/\"},{\"@type\":\"ListItem\",\"position\":2,\"name\":\"Condicions d&#8217;alta al directori\"}]},{\"@type\":\"WebSite\",\"@id\":\"https:\/\/www.guiamanresa.cat\/directori\/#website\",\"url\":\"https:\/\/www.guiamanresa.cat\/directori\/\",\"name\":\"Directori Guia Manresa\",\"description\":\"La Guia de Manresa i de la Catalunya Central\",\"potentialAction\":[{\"@type\":\"SearchAction\",\"target\":{\"@type\":\"EntryPoint\",\"urlTemplate\":\"https:\/\/www.guiamanresa.cat\/directori\/?s={search_term_string}\"},\"query-input\":{\"@type\":\"PropertyValueSpecification\",\"valueRequired\":true,\"valueName\":\"search_term_string\"}}],\"inLanguage\":\"ca\"}]}<\/script>\n<!-- \/ Yoast SEO plugin. -->","yoast_head_json":{"title":"Condicions d'alta al directori - Directori Guia Manresa","robots":{"index":"index","follow":"follow","max-snippet":"max-snippet:-1","max-image-preview":"max-image-preview:large","max-video-preview":"max-video-preview:-1"},"canonical":"https:\/\/www.guiamanresa.cat\/directori\/condicions-alta-directori\/","og_locale":"ca_ES","og_type":"article","og_title":"Condicions d'alta al directori - Directori Guia Manresa","og_description":"\u00a0\u27a1 AFEGEIX EL TEU NEGOCI\/ANUNCI AL DIRECTORI DE LA GUIA DE MANRESA (ALTA) 100% de garantia Vost\u00e8 t\u00e9 15 \u00a0dies de prova gratu\u00eft i si no est\u00e0 satisfet per qualsevol motiu, nom\u00e9s cal que ens envieu \u00a0un correu electr\u00f2nic i nosaltres ens encarreguem de tot. Un cop passat el per\u00edode de prova ens posarem en [&hellip;]","og_url":"https:\/\/www.guiamanresa.cat\/directori\/condicions-alta-directori\/","og_site_name":"Directori Guia Manresa","article_modified_time":"2017-03-27T08:43:43+00:00","twitter_card":"summary_large_image","twitter_misc":{"Temps estimat de lectura":"1 minut"},"schema":{"@context":"https:\/\/schema.org","@graph":[{"@type":"WebPage","@id":"https:\/\/www.guiamanresa.cat\/directori\/condicions-alta-directori\/","url":"https:\/\/www.guiamanresa.cat\/directori\/condicions-alta-directori\/","name":"Condicions d'alta al directori - Directori Guia Manresa","isPartOf":{"@id":"https:\/\/www.guiamanresa.cat\/directori\/#website"},"datePublished":"2017-03-23T18:57:53+00:00","dateModified":"2017-03-27T08:43:43+00:00","breadcrumb":{"@id":"https:\/\/www.guiamanresa.cat\/directori\/condicions-alta-directori\/#breadcrumb"},"inLanguage":"ca","potentialAction":[{"@type":"ReadAction","target":["https:\/\/www.guiamanresa.cat\/directori\/condicions-alta-directori\/"]}]},{"@type":"BreadcrumbList","@id":"https:\/\/www.guiamanresa.cat\/directori\/condicions-alta-directori\/#breadcrumb","itemListElement":[{"@type":"ListItem","position":1,"name":"Inici","item":"https:\/\/www.guiamanresa.cat\/directori\/"},{"@type":"ListItem","position":2,"name":"Condicions d&#8217;alta al directori"}]},{"@type":"WebSite","@id":"https:\/\/www.guiamanresa.cat\/directori\/#website","url":"https:\/\/www.guiamanresa.cat\/directori\/","name":"Directori Guia Manresa","description":"La Guia de Manresa i de la Catalunya Central","potentialAction":[{"@type":"SearchAction","target":{"@type":"EntryPoint","urlTemplate":"https:\/\/www.guiamanresa.cat\/directori\/?s={search_term_string}"},"query-input":{"@type":"PropertyValueSpecification","valueRequired":true,"valueName":"search_term_string"}}],"inLanguage":"ca"}]}},"jetpack_sharing_enabled":true,"jetpack_shortlink":"https:\/\/wp.me\/P78KJh-6Lypl","jetpack-related-posts":[],"_links":{"self":[{"href":"https:\/\/www.guiamanresa.cat\/directori\/wp-json\/wp\/v2\/pages\/99991699","targetHints":{"allow":["GET"]}}],"collection":[{"href":"https:\/\/www.guiamanresa.cat\/directori\/wp-json\/wp\/v2\/pages"}],"about":[{"href":"https:\/\/www.guiamanresa.cat\/directori\/wp-json\/wp\/v2\/types\/page"}],"author":[{"embeddable":true,"href":"https:\/\/www.guiamanresa.cat\/directori\/wp-json\/wp\/v2\/users\/1"}],"replies":[{"embeddable":true,"href":"https:\/\/www.guiamanresa.cat\/directori\/wp-json\/wp\/v2\/comments?post=99991699"}],"version-history":[{"count":16,"href":"https:\/\/www.guiamanresa.cat\/directori\/wp-json\/wp\/v2\/pages\/99991699\/revisions"}],"predecessor-version":[{"id":99991771,"href":"https:\/\/www.guiamanresa.cat\/directori\/wp-json\/wp\/v2\/pages\/99991699\/revisions\/99991771"}],"wp:attachment":[{"href":"https:\/\/www.guiamanresa.cat\/directori\/wp-json\/wp\/v2\/media?parent=99991699"}],"curies":[{"name":"wp","href":"https:\/\/api.w.org\/{rel}","templated":true}]}}